and 61?
61
Calculate the greatest common factor of 644032764 and 72.
36
Calculate the greatest common factor of 126181448 and 8.
8
Calculate the highest common factor of 69872782 and 1234.
1234
What is the highest common factor of 249644 and 90628?
556
Calculate the greatest common divisor of 2720 and 19673590.
170
What is the highest common divisor of 1340 and 219266880?
1340
Calculate the greatest common factor of 126 and 53620938.
126
Calculate the highest common factor of 20685 and 5931030.
105
What is the highest common factor of 70115 and 500280?
1895
What is the greatest common factor of 151933 and 79460?
137
Calculate the greatest common divisor of 4016658 and 46004.
106
What is the highest common divisor of 13767 and 17817675?
1059
What is the greatest common factor of 134270 and 70586?
58
Calculate the highest common factor of 25587224 and 66976.
2392
What is the highest common factor of 785 and 27120337?
157
Calculate the highest common factor of 156510 and 12485280.
1110
What is the highest common factor of 18288 and 3192272?
2032
What is the highest common divisor of 4607395 and 3285?
365
Calculate the greatest common divisor of 7500 and 907400.
100
What is the highest common divisor of 4668 and 9525054?
2334
What is the greatest common factor of 74982830 and 52?
26
Calculate the highest common factor of 528 and 657396.
12
Calculate the greatest common factor of 18 and 1253346.
6
What is the highest common factor of 547050 and 941430?
210
What is the highest common divisor of 1030 and 1011666?
206
What is the highest common divisor of 185356236 and 9435?
1887
Calculate the greatest common factor of 3790386 and 5472.
342
Calculate the greatest common factor of 29427277 and 341.
341
Calculate the greatest common divisor of 118 and 192747041.
59
What is the greatest common divisor of 143487 and 124227?
963
Calculate the greatest common divisor of 15280 and 128007245.
955
Calculate the highest common divisor of 25952922 and 32706.
1422
What is the greatest common factor of 1120527 and 3541713?
2649
What is the greatest common divisor of 129162926 and 5394?
1798
What is the highest common factor of 68525391 and 984?
123
Calculate the highest common factor of 25984 and 28064.
32
What is the highest common factor of 6308827 and 107?
107
Calculate the greatest common divisor of 301344714 and 54.
18
What is the greatest common factor of 162 and 76173858?
162
Calculate the highest common factor of 13570 and 24961130.
590
Calculate the greatest common divisor of 1961 and 1805896.
37
Calculate the highest common divisor of 138112 and 261118.
2158
Calculate the highest common divisor of 27 and 1835451.
9
Calculate the greatest common divisor of 10335515 and 4682.
2341
What is the highest common factor of 77 and 222509749?
77
What is the greatest common factor of 42122871 and 1953?
63
Calculate the highest common factor of 156983788 and 156.
52
Calculate the greatest common factor of 7551 and 449065521.
7551
What is the highest common divisor of 490 and 2994733?
49
What is the highest common divisor of 54156 and 100960323?
13539
Calculate the greatest common factor of 13330 and 2525820.
430
What is the highest common divisor of 4691979 and 54?
27
Calculate the greatest common divisor of 2450 and 8719354.
98
Calculate the highest common factor of 209 and 108103046.
19
What is the greatest common factor of 3875 and 17507625?
125
What is the greatest common factor of 12 and 4021108?
4
Calculate the greatest common factor of 1784007 and 27.
9
What is the highest common factor of 392 and 3013472?
56
What is the greatest common divisor of 6 and 192967302?
6
What is the greatest common divisor of 15 and 646437255?
15
Calculate the highest common divisor of 132504682 and 6.
2
Calculate the greatest common divisor of 1364921610 and 130.
130
Calculate the highest common divisor of 22699204 and 815188.
8404
Calculate the highest common divisor of 1565578878 and 438.
438
What is the highest common divisor of 219564 and 1979072?
428
Calculate the highest common factor of 16 and 140198104.
8
What is the highest common divisor of 52630632 and 996?
996
Calculate the highest common divisor of 45901080 and 240.
120
Calculate the highest common factor of 120489822 and 135.
27
Calculate the greatest common factor of 45 and 619686.
9
What is the greatest common divisor of 6 and 633468?
6
Calculate the highest common divisor of 734821 and 1167.
389
What is the greatest common factor of 7584 and 31911576?
1896
What is the highest common factor of 250404 and 28182?
462
Calculate the highest common factor of 11064 and 41646.
6
What is the greatest common factor of 584987 and 7072?
221
What is the greatest common divisor of 7868433 and 36210?
3621
What is the highest common factor of 132964288 and 45930?
3062
Calculate the greatest common divisor of 323974 and 63875.
511
What is the highest common divisor of 158625 and 1958067?
1269
What is the greatest common divisor of 53600 and 101852864?
2144
Calculate the greatest common factor of 3438159 and 158.
79
What is the highest common factor of 1899106 and 44?
22
What is the highest common factor of 154 and 28476140?
154
What is the greatest common divisor of 3159 and 2516751?
243
Calculate the highest common divisor of 21452 and 89621.
31
Calculate the highest common divisor of 1016 and 23923117.
127
What is the highest common factor of 35276095 and 15?
5
What is the highest common factor of 16416 and 37031?
19
Calculate the highest common factor of 175 and 3850195.
5
What is the greatest common factor of 8124688 and 65?
13
What is the highest common divisor of 12525 and 54418954?
167
What is the highest common divisor of 4861649 and 26791?
367
Calculate the highest common factor of 2610883 and 411189.
3343
What is the highest common divisor of 63802 and 38798?
38
What is the highest common factor of 7880 and 15640?
40
What is the greatest common divisor of 341 and 613428?
31
Calculate the greatest common factor of 29197473 and 215.
43
What is the greatest common factor of 2576053 and 1?
1
What is the highest common factor of 22952181 and 84?
21
Calculate the greatest common divisor of 5498926 and 1462.
86
What is the highest common divisor of 10931 and 24497?
17
What is the greatest common factor of 255 and 20893935?
255
What is the greatest common divisor of 918 and 2088909612?
306
What is the highest common factor of 45750 and 135210?
30
What is the greatest common divisor of 1156 and 9716640?
4
What is the greatest common factor of 1070 and 18350650?
10
Calculate the greatest common factor of 4094511 and 1395.
93
Calculate the greatest common factor of 314594 and 208334.
322
Calculate the highest common divisor of 14 and 76085758.
14
Calculate the highest common divisor of 1044 and 8914977.
261
Calculate the highest common factor of 7335104 and 64288.
1568
Calculate the greatest common divisor of 1660 and 12998630.
830
Calculate the highest common factor of 299638 and 100308.
1286
What is the greatest common factor of 925614293 and 593?
593
What is the greatest common factor of 474 and 10786028?
158
What is the highest common divisor of 224 and 15205664?
32
Calculate the greatest common divisor of 3547288 and 296.
8
Calculate the greatest common divisor of 12033 and 6232521.
573
Calculate the greatest common factor of 121632 and 8925472.
5792
Calculate the greatest common divisor of 481452 and 13674.
318
What is the greatest common divisor of 2265783 and 573231?
327
What is the greatest common factor of 8 and 5159324?
4
Calculate the highest common factor of 16 and 68363528.
8
What is the greatest common factor of 7392378 and 888?
222
What is the greatest common divisor of 9 and 34332678?
9
What is the highest common divisor of 791143 and 103?
103
Calculate the highest common factor of 2216432 and 996.
332
Calculate the greatest common divisor of 4839385122 and 39.
39
What is the highest common factor of 504 and 7677432?
504
Calculate the greatest common divisor of 7497 and 2527371.
441
Calculate the highest common factor of 12690 and 231498030.
1410
Calculate the highest common factor of 410323255 and 10.
5
Calculate the greatest common divisor of 335629 and 77.
7
Calculate the highest common divisor of 460 and 